{"id":515,"date":"2016-05-11T13:49:10","date_gmt":"2016-05-11T13:49:10","guid":{"rendered":"http:\/\/wpoffice\/enfold-fitness\/?page_id=515"},"modified":"2022-04-12T13:45:24","modified_gmt":"2022-04-12T13:45:24","slug":"sobre-el-instituto","status":"publish","type":"page","link":"https:\/\/extension.unvm.edu.ar\/?page_id=515","title":{"rendered":"Sobre el instituto"},"content":{"rendered":"<\/div><\/div><\/div><!-- close content main div --><\/div><\/div><div id='av_section_1' class='avia-section main_color avia-section-large avia-no-border-styling avia-bg-style-scroll   container_wrap sidebar_right' style = 'background-image: '  ><div class='container' ><div class='template-page content  av-content-small alpha units'><div class='post-entry post-entry-type-page post-entry-515'><div class='entry-content-wrapper clearfix'>\n<div class='flex_column_table av-equal-height-column-flextable -flextable' ><div class=\"flex_column av_one_half  av-animated-generic fade-in  flex_column_table_cell av-equal-height-column av-align-middle av-zero-column-padding first  \" style='border-radius:0px; '><p><div style='padding-bottom:30px; font-size:60px;' class='av-special-heading av-special-heading-h1  blockquote modern-quote  av-inherit-size '><h1 class='av-special-heading-tag '  itemprop=\"headline\"  >SOBRE NOSOTROS<\/h1><div class='special-heading-border'><div class='special-heading-inner-border' ><\/div><\/div><\/div><br \/>\n<div style='height:30px' class='hr hr-invisible  '><span class='hr-inner ' ><span class='hr-inner-style'><\/span><\/span><\/div><br \/>\n<section class=\"av_textblock_section \"  itemscope=\"itemscope\" itemtype=\"https:\/\/schema.org\/CreativeWork\" ><div class='avia_textblock  '   itemprop=\"text\" ><p style=\"text-align: center;\">La Extensi\u00f3n se propone como uno de los pilares de la <strong>Universidad<\/strong> junto con la <strong>docencia<\/strong> y la <strong>investigaci\u00f3n<\/strong>. Adem\u00e1s, se constituye como el instrumento adecuado para el fortalecimiento del v\u00ednculo entre la Universidad y la <strong>comunidad<\/strong> a la cual pertenece.<\/p>\n<p style=\"text-align: center;\">El Instituto de Extensi\u00f3n de la Universidad Nacional Villa Mar\u00eda (UNVM), inserto en una sociedad culturalmente pujante y demandante de desarrollo de calidad,\u00a0 ha sabido articular la generaci\u00f3n de conocimientos, propia del sector acad\u00e9mico, con las inquietudes y demandas de la poblaci\u00f3n en general.<\/p>\n<\/div><\/section><\/p><\/div><\/div><!--close column table wrapper. Autoclose: 1 --><div class='flex_column_table av-equal-height-column-flextable -flextable' ><div class='av-flex-placeholder'><\/div><div class=\"flex_column av_one_half  av-animated-generic right-to-left  avia-full-stretch flex_column_table_cell av-equal-height-column av-align-middle av-zero-column-padding   \" style='border-radius:0px; '><div class='av-horizontal-gallery av-horizontal-gallery-large-gap av-horizontal-gallery-enlarge-effect av-horizontal-gallery-1  av-control-default '  itemprop=\"ImageObject\" itemscope=\"itemscope\" itemtype=\"https:\/\/schema.org\/ImageObject\"  style='padding: 3.75% 0px;' data-av-enlarge='1.3'  ><div class='avia-slideshow-arrows avia-slideshow-controls'><a href='#prev' class='prev-slide av-horizontal-gallery-prev' aria-hidden='true' data-av_icon='\ue87c' data-av_iconfont='entypo-fontello'>Anterior<\/a><a href='#next' class='next-slide av-horizontal-gallery-next' aria-hidden='true' data-av_icon='\ue87d' data-av_iconfont='entypo-fontello'>Posterior<\/a><\/div><div class='av-horizontal-gallery-inner' style='padding-bottom:25%' data-av-height='25'><div class='av-horizontal-gallery-slider'><div class='av-horizontal-gallery-wrap noHover'><img class='av-horizontal-gallery-img' width='1030' height='686' src='https:\/\/extension.unvm.edu.ar\/wp-content\/uploads\/2022\/04\/260275902_4779314202129501_8825137109532896481_n-1030x686.jpg' title='260275902_4779314202129501_8825137109532896481_n' alt='' \/><a href='https:\/\/extension.unvm.edu.ar\/wp-content\/uploads\/2022\/04\/260275902_4779314202129501_8825137109532896481_n-1030x686.jpg'  class='av-horizontal-gallery-link' aria-hidden='true' data-av_icon='\ue869' data-av_iconfont='entypo-fontello' title='260275902_4779314202129501_8825137109532896481_n'><\/a><\/div><div class='av-horizontal-gallery-wrap noHover'><img class='av-horizontal-gallery-img' width='1030' height='686' src='https:\/\/extension.unvm.edu.ar\/wp-content\/uploads\/2021\/11\/WhatsApp-Image-2021-11-25-at-14.41.08-1030x686.jpeg' title='WhatsApp Image 2021-11-25 at 14.41.08' alt='' \/><a href='https:\/\/extension.unvm.edu.ar\/wp-content\/uploads\/2021\/11\/WhatsApp-Image-2021-11-25-at-14.41.08-1030x686.jpeg'  class='av-horizontal-gallery-link' aria-hidden='true' data-av_icon='\ue869' data-av_iconfont='entypo-fontello' title='WhatsApp Image 2021-11-25 at 14.41.08'><\/a><\/div><div class='av-horizontal-gallery-wrap noHover'><img class='av-horizontal-gallery-img' width='1030' height='687' src='https:\/\/extension.unvm.edu.ar\/wp-content\/uploads\/2022\/04\/back.coros-80-1030x687.jpg' title='back.coros-80' alt='' \/><a href='https:\/\/extension.unvm.edu.ar\/wp-content\/uploads\/2022\/04\/back.coros-80-1030x687.jpg'  class='av-horizontal-gallery-link' aria-hidden='true' data-av_icon='\ue869' data-av_iconfont='entypo-fontello' title='back.coros-80'><\/a><\/div><div class='av-horizontal-gallery-wrap noHover'><img class='av-horizontal-gallery-img' width='1030' height='687' src='https:\/\/extension.unvm.edu.ar\/wp-content\/uploads\/2022\/02\/SAV6446-1030x687.jpg' title='_SAV6446' alt='' \/><a href='https:\/\/extension.unvm.edu.ar\/wp-content\/uploads\/2022\/02\/SAV6446-1030x687.jpg'  class='av-horizontal-gallery-link' aria-hidden='true' data-av_icon='\ue869' data-av_iconfont='entypo-fontello' title='_SAV6446'><\/a><\/div><div class='av-horizontal-gallery-wrap noHover'><img class='av-horizontal-gallery-img' width='1030' height='687' src='https:\/\/extension.unvm.edu.ar\/wp-content\/uploads\/2021\/10\/DSC_0089-1030x687.jpg' title='DSC_0089' alt='' \/><a href='https:\/\/extension.unvm.edu.ar\/wp-content\/uploads\/2021\/10\/DSC_0089-1030x687.jpg'  class='av-horizontal-gallery-link' aria-hidden='true' data-av_icon='\ue869' data-av_iconfont='entypo-fontello' title='DSC_0089'><\/a><\/div><div class='av-horizontal-gallery-wrap noHover'><img class='av-horizontal-gallery-img' width='1030' height='687' src='https:\/\/extension.unvm.edu.ar\/wp-content\/uploads\/2022\/02\/MG_8647-1030x687.jpg' title='_MG_8647' alt='' \/><a href='https:\/\/extension.unvm.edu.ar\/wp-content\/uploads\/2022\/02\/MG_8647-1030x687.jpg'  class='av-horizontal-gallery-link' aria-hidden='true' data-av_icon='\ue869' data-av_iconfont='entypo-fontello' title='_MG_8647'><\/a><\/div><div class='av-horizontal-gallery-wrap noHover'><img class='av-horizontal-gallery-img' width='1030' height='686' src='https:\/\/extension.unvm.edu.ar\/wp-content\/uploads\/2021\/10\/WhatsApp-Image-2021-10-29-at-15.02.57-1030x686.jpeg' title='WhatsApp Image 2021-10-29 at 15.02.57' alt='' \/><a href='https:\/\/extension.unvm.edu.ar\/wp-content\/uploads\/2021\/10\/WhatsApp-Image-2021-10-29-at-15.02.57-1030x686.jpeg'  class='av-horizontal-gallery-link' aria-hidden='true' data-av_icon='\ue869' data-av_iconfont='entypo-fontello' title='WhatsApp Image 2021-10-29 at 15.02.57'><\/a><\/div><div class='av-horizontal-gallery-wrap noHover'><img class='av-horizontal-gallery-img' width='1030' height='687' src='https:\/\/extension.unvm.edu.ar\/wp-content\/uploads\/2022\/01\/MG_1691-1030x687.jpg' title='_MG_1691' alt='' \/><a href='https:\/\/extension.unvm.edu.ar\/wp-content\/uploads\/2022\/01\/MG_1691-1030x687.jpg'  class='av-horizontal-gallery-link' aria-hidden='true' data-av_icon='\ue869' data-av_iconfont='entypo-fontello' title='_MG_1691'><\/a><\/div><div class='av-horizontal-gallery-wrap noHover'><img class='av-horizontal-gallery-img' width='1030' height='687' src='https:\/\/extension.unvm.edu.ar\/wp-content\/uploads\/2021\/10\/adelanto.coros2-7-1030x687.jpg' title='adelanto.coros2-7' alt='' \/><a href='https:\/\/extension.unvm.edu.ar\/wp-content\/uploads\/2021\/10\/adelanto.coros2-7-1030x687.jpg'  class='av-horizontal-gallery-link' aria-hidden='true' data-av_icon='\ue869' data-av_iconfont='entypo-fontello' title='adelanto.coros2-7'><\/a><\/div><div class='av-horizontal-gallery-wrap noHover'><img class='av-horizontal-gallery-img' width='1030' height='723' src='https:\/\/extension.unvm.edu.ar\/wp-content\/uploads\/2021\/02\/WhatsApp-Image-2021-02-11-at-10.10.02-1030x723.jpeg' title='WhatsApp Image 2021-02-11 at 10.10.02' alt='' \/><a href='https:\/\/extension.unvm.edu.ar\/wp-content\/uploads\/2021\/02\/WhatsApp-Image-2021-02-11-at-10.10.02-1030x723.jpeg'  class='av-horizontal-gallery-link' aria-hidden='true' data-av_icon='\ue869' data-av_iconfont='entypo-fontello' title='WhatsApp Image 2021-02-11 at 10.10.02'><\/a><\/div><\/div><\/div><\/div><\/div><\/div><!--close column table wrapper. Autoclose: 1 --><div class=\"flex_column av_one_full  av-animated-generic right-to-left  avia-full-stretch flex_column_div av-zero-column-padding first  \" style='border-radius:0px; '><p><section class=\"av_textblock_section \"  itemscope=\"itemscope\" itemtype=\"https:\/\/schema.org\/CreativeWork\" ><div class='avia_textblock  '   itemprop=\"text\" ><\/div><\/section><br \/>\n<section class=\"av_textblock_section \"  itemscope=\"itemscope\" itemtype=\"https:\/\/schema.org\/CreativeWork\" ><div class='avia_textblock  '   itemprop=\"text\" ><blockquote>\n<p>\u00abLa extensi\u00f3n universitaria es la materializaci\u00f3n de la importancia de pensar a la educaci\u00f3n como una inversi\u00f3n que no quedar\u00e1 en las aulas, sino que ser\u00e1 capaz de repensarse y re-elaborarse a trav\u00e9s de los v\u00ednculos que se generen con la comunidad\u00bb.<\/p>\n<\/blockquote>\n<\/div><\/section><\/p><\/div><div class=\"flex_column av_one_half  av-animated-generic right-to-left  avia-full-stretch flex_column_div av-zero-column-padding first  \" style='border-radius:0px; '><section class=\"av_textblock_section \"  itemscope=\"itemscope\" itemtype=\"https:\/\/schema.org\/CreativeWork\" ><div class='avia_textblock  '   itemprop=\"text\" ><p style=\"text-align: center;\">Se trata de una actividad sist\u00e9mica y racional ordenada al logro de una madurez c\u00edvica, tratando de preparar a la sociedad, en forma estrat\u00e9gica, para enfrentar desaf\u00edos futuros.<\/p>\n<p style=\"text-align: center;\">Desde la pol\u00edtica de extensi\u00f3n se procura enraizar a la Universidad en su \u00e1mbito de influencia y pertenencia, a consolidarla en ella y a establecer las bases s\u00f3lidas sobre la cual crecer como referente ineludible, teniendo como eje a la educaci\u00f3n p\u00fablica como la base de un Estado justo, solidario, innovador y promotor de los Derechos Humanos.<\/p>\n<\/div><\/section><\/div><div class=\"flex_column av_one_half  av-animated-generic right-to-left  avia-full-stretch flex_column_div av-zero-column-padding   \" style='border-radius:0px; '><div class='avia-image-container avia_animated_image avia_animate_when_almost_visible left-to-right av-styling-    avia-align-center '  itemprop=\"ImageObject\" itemscope=\"itemscope\" itemtype=\"https:\/\/schema.org\/ImageObject\"  ><div class='avia-image-container-inner'><div class='avia-image-overlay-wrap'><img class='avia_image ' src='https:\/\/extension.unvm.edu.ar\/wp-content\/uploads\/2022\/04\/DSC_0081-300x200.jpg' alt='' title='DSC_0081' height=\"200\"width=\"300\"  itemprop=\"thumbnailUrl\"  \/><\/div><\/div><\/div><\/div><\/div><\/div><\/div><!-- close content main div --><\/div><\/div><div id='after_section_1' class='main_color av_default_container_wrap container_wrap sidebar_right'   ><div class='container' ><div class='template-page content  av-content-small alpha units'><div class='post-entry post-entry-type-page post-entry-515'><div class='entry-content-wrapper clearfix'><\/div><\/div><\/div><!-- close content main div --><\/div><\/div><div id='av_section_2' class='avia-section main_color avia-section-default avia-no-shadow avia-bg-style-scroll   container_wrap sidebar_right' style = 'background-image: '  ><div class='container' ><div class='template-page content  av-content-small alpha units'><div class='post-entry post-entry-type-page post-entry-515'><div class='entry-content-wrapper clearfix'>\n<div style='padding-bottom:30px; font-size:55px;' class='av-special-heading av-special-heading-h1  blockquote modern-quote   av-inherit-size '><h1 class='av-special-heading-tag '  itemprop=\"headline\"  >Autoridades<\/h1><div class='special-heading-border'><div class='special-heading-inner-border' ><\/div><\/div><\/div>\n<div class=\"flex_column av_two_fifth  flex_column_div av-zero-column-padding first  \" style='border-radius:0px; '><p><div class='avia-image-container avia_animated_image avia_animate_when_almost_visible fade-in av-styling-circle av-hover-grow   avia-align-center '  itemprop=\"ImageObject\" itemscope=\"itemscope\" itemtype=\"https:\/\/schema.org\/ImageObject\"  ><div class='avia-image-container-inner'><div class='avia-image-overlay-wrap'><img class='avia_image ' src='https:\/\/extension.unvm.edu.ar\/wp-content\/uploads\/2020\/02\/WhatsApp-Image-2020-02-10-at-22.07.00-1-300x300.jpeg' alt='' title='WhatsApp Image 2020-02-10 at 22.07.00 (1)' height=\"300\"width=\"300\"  itemprop=\"thumbnailUrl\"  \/><\/div><\/div><\/div><br \/>\n<section class=\"av_textblock_section \"  itemscope=\"itemscope\" itemtype=\"https:\/\/schema.org\/CreativeWork\" ><div class='avia_textblock  '   itemprop=\"text\" ><p style=\"text-align: center;\"><strong>Instituto de Extensi\u00f3n<\/strong><\/p>\n<p style=\"text-align: center;\">Directora Lic. Gabriela Redondo<\/p>\n<\/div><\/section><\/p><\/div><div class=\"flex_column av_two_fifth  flex_column_div av-zero-column-padding   \" style='border-radius:0px; '><p><div class='avia-image-container avia_animated_image avia_animate_when_almost_visible fade-in av-styling-circle av-hover-grow   avia-align-center '  itemprop=\"ImageObject\" itemscope=\"itemscope\" itemtype=\"https:\/\/schema.org\/ImageObject\"  ><div class='avia-image-container-inner'><div class='avia-image-overlay-wrap'><img class='avia_image ' src='https:\/\/extension.unvm.edu.ar\/wp-content\/uploads\/2018\/10\/PONCIO_MG_2779-300x300.jpg' alt='' title='PONCIO_MG_2779' height=\"300\"width=\"300\"  itemprop=\"thumbnailUrl\"  \/><\/div><\/div><\/div><br \/>\n<section class=\"av_textblock_section \"  itemscope=\"itemscope\" itemtype=\"https:\/\/schema.org\/CreativeWork\" ><div class='avia_textblock  '   itemprop=\"text\" ><p style=\"text-align: center;\"><strong>Direcci\u00f3n Cientifico Tecnol\u00f3gico<\/strong><\/p>\n<p style=\"text-align: center;\">Cr. Dar\u00edo Poncio<\/p>\n<\/div><\/section><\/p><\/div>\n<\/div><\/div><\/div><!-- close content main div --><\/div><\/div><div id='after_section_2' class='main_color av_default_container_wrap container_wrap sidebar_right'   ><div class='container' ><div class='template-page content  av-content-small alpha units'><div class='post-entry post-entry-type-page post-entry-515'><div class='entry-content-wrapper clearfix'><\/p>\n<\/div><\/div><\/div><!-- close content main div --><\/div><\/div><div id='av_section_3' class='avia-section main_color avia-section-default avia-no-shadow avia-full-stretch av-parallax-section av-section-color-overlay-active avia-bg-style-parallax   av-minimum-height av-minimum-height-25 container_wrap sidebar_right'  data-section-bg-repeat='stretch' ><div class='av-parallax' data-avia-parallax-ratio='0.3' ><div class='av-parallax-inner main_color  avia-full-stretch' style = 'background-repeat: no-repeat; background-image: url(http:\/\/humanas.unvm.edu.ar\/wp-content\/uploads\/2018\/08\/1-1.jpg);background-attachment: scroll; background-position: center center; ' ><\/div><\/div><div class='av-section-color-overlay-wrap'><div class='av-section-color-overlay' style='opacity: 0.5; background-color: #003f7a; '><\/div><div class='container' ><div class='template-page content  av-content-small alpha units'><div class='post-entry post-entry-type-page post-entry-515'><div class='entry-content-wrapper clearfix'><\/div><\/div><\/div><!-- close content main div --><\/div><\/div><\/div><div id='after_section_3' class='main_color av_default_container_wrap container_wrap sidebar_right'   ><div class='container' ><div class='template-page content  av-content-small alpha units'><div class='post-entry post-entry-type-page post-entry-515'><div class='entry-content-wrapper clearfix'>\n","protected":false},"excerpt":{"rendered":"","protected":false},"author":12,"featured_media":0,"parent":0,"menu_order":0,"comment_status":"closed","ping_status":"closed","template":"","meta":{"_exactmetrics_skip_tracking":false,"_exactmetrics_sitenote_active":false,"_exactmetrics_sitenote_note":"","_exactmetrics_sitenote_category":0,"footnotes":""},"class_list":["post-515","page","type-page","status-publish","hentry"],"_links":{"self":[{"href":"https:\/\/extension.unvm.edu.ar\/index.php?rest_route=\/wp\/v2\/pages\/515"}],"collection":[{"href":"https:\/\/extension.unvm.edu.ar\/index.php?rest_route=\/wp\/v2\/pages"}],"about":[{"href":"https:\/\/extension.unvm.edu.ar\/index.php?rest_route=\/wp\/v2\/types\/page"}],"author":[{"embeddable":true,"href":"https:\/\/extension.unvm.edu.ar\/index.php?rest_route=\/wp\/v2\/users\/12"}],"replies":[{"embeddable":true,"href":"https:\/\/extension.unvm.edu.ar\/index.php?rest_route=%2Fwp%2Fv2%2Fcomments&post=515"}],"version-history":[{"count":12,"href":"https:\/\/extension.unvm.edu.ar\/index.php?rest_route=\/wp\/v2\/pages\/515\/revisions"}],"predecessor-version":[{"id":26362,"href":"https:\/\/extension.unvm.edu.ar\/index.php?rest_route=\/wp\/v2\/pages\/515\/revisions\/26362"}],"wp:attachment":[{"href":"https:\/\/extension.unvm.edu.ar\/index.php?rest_route=%2Fwp%2Fv2%2Fmedia&parent=515"}],"curies":[{"name":"wp","href":"https:\/\/api.w.org\/{rel}","templated":true}]}}