{"id":18724,"date":"2022-02-23T15:38:46","date_gmt":"2022-02-23T15:38:46","guid":{"rendered":"https:\/\/extension.unvm.edu.ar\/?page_id=18724"},"modified":"2023-06-12T12:20:38","modified_gmt":"2023-06-12T12:20:38","slug":"ballet-folklorico-universitario-2-2","status":"publish","type":"page","link":"https:\/\/extension.unvm.edu.ar\/?page_id=18724","title":{"rendered":"BALLET FOLKL\u00d3RICO UNIVERSITARIO"},"content":{"rendered":"<div class=\"flex_column av_three_fourth  flex_column_div av-zero-column-padding avia-link-column first  \" style='border-radius:0px; ' data-link-column-url=\"https:\/\/extension.unvm.edu.ar\/?page_id=18057\" ><a class=\"av-screen-reader-only\" href=https:\/\/extension.unvm.edu.ar\/?page_id=18057 >Link to: ELENCOS ESTABLES UNVM<\/a><div style='padding-bottom:10px; ' class='av-special-heading av-special-heading-h3    '><h3 class='av-special-heading-tag '  itemprop=\"headline\"  >Elencos UNVM<\/h3><div class='special-heading-border'><div class='special-heading-inner-border' ><\/div><\/div><\/div><\/div>\n<div class=\"flex_column av_one_fourth  flex_column_div av-zero-column-padding   \" style='border-radius:0px; '><section class=\"av_textblock_section \"  itemscope=\"itemscope\" itemtype=\"https:\/\/schema.org\/CreativeWork\" ><div class='avia_textblock  '   itemprop=\"text\" ><h4><span style=\"color: #000000;\">Contacto<\/span><\/h4>\n<\/div><\/section><br \/>\n<span class=\"av_font_icon avia_animate_when_visible  av-icon-style-  avia-icon-pos-left \" style=\"color:#00176d; border-color:#00176d;\"><a href='mailto:folclore@unvm.edu.ar'  target=\"_blank\"   class='av-icon-char' style='font-size:30px;line-height:30px;' aria-hidden='true' data-av_icon='\ue805' data-av_iconfont='entypo-fontello' ><\/a><\/span><\/p><\/div>\n<\/div><\/div><\/div><!-- close content main div --><\/div><\/div><div id='av_section_1' class='avia-section main_color avia-section-large avia-no-border-styling avia-bg-style-scroll   container_wrap sidebar_right' style = 'background-image: '  ><div class='container' ><div class='template-page content  av-content-small alpha units'><div class='post-entry post-entry-type-page post-entry-18724'><div class='entry-content-wrapper clearfix'>\n<div class=\"flex_column av_three_fifth  flex_column_div av-zero-column-padding first  \" style='border-radius:0px; '><div class='avia-image-container avia_animated_image avia_animate_when_almost_visible pop-up av-styling-    avia-align-center '  itemprop=\"ImageObject\" itemscope=\"itemscope\" itemtype=\"https:\/\/schema.org\/ImageObject\"  ><div class='avia-image-container-inner'><div class='avia-image-overlay-wrap'><img class='avia_image ' src='https:\/\/extension.unvm.edu.ar\/wp-content\/uploads\/2022\/02\/Copia-de-IMG_9210-1-1030x687.jpg' alt='' title='Copia de IMG_9210' height=\"687\"width=\"1030\"  itemprop=\"thumbnailUrl\"  \/><\/div><\/div><\/div><\/div><div class=\"flex_column av_two_fifth  flex_column_div av-zero-column-padding   \" style='border-radius:0px; '><p><div class='avia-image-container  av-styling-    avia-align-center '  itemprop=\"ImageObject\" itemscope=\"itemscope\" itemtype=\"https:\/\/schema.org\/ImageObject\"  ><div class='avia-image-container-inner'><div class='avia-image-overlay-wrap'><img class='avia_image ' src='https:\/\/extension.unvm.edu.ar\/wp-content\/uploads\/2023\/06\/Ballet-Folclorico-Universitario_Mesa-de-trabajo-1-1030x648.jpg' alt='' title='Ballet Folclorico Universitario_Mesa de trabajo 1' height=\"648\"width=\"1030\"  itemprop=\"thumbnailUrl\"  \/><\/div><\/div><\/div><br \/>\n<section class=\"av_textblock_section \"  itemscope=\"itemscope\" itemtype=\"https:\/\/schema.org\/CreativeWork\" ><div class='avia_textblock  '  style='font-size:15px; '  itemprop=\"text\" ><p><span style=\"font-weight: 400;\">Desde el a\u00f1o 2022, el Ballet Folkl\u00f3rico Universitario tiene como objetivo principal la conservaci\u00f3n y difusi\u00f3n de las danzas tradicionales y populares que enriquecen la cultura argentina.<\/span><\/p>\n<p><span style=\"font-weight: 400;\">Trabaja representando las danzas de todas las regiones del pa\u00eds, acunando y conservando su esencia y tradici\u00f3n, pero tambi\u00e9n creando y experimentando con las nuevas tendencias y fusiones tanto de m\u00fasica popular como de t\u00e9cnicas de danza.<\/span><\/p>\n<\/div><\/section><\/p><\/div><div class='flex_column_table av-equal-height-column-flextable -flextable' ><div class=\"flex_column av_one_full  flex_column_table_cell av-equal-height-column av-align-middle av-zero-column-padding first  \" style='border-radius:0px; '><\/div><\/div><!--close column table wrapper. Autoclose: 1 --><div class=\"flex_column av_one_full  flex_column_div av-zero-column-padding first  \" style='border-radius:0px; '><div class=\"togglecontainer   \" >\n<section class=\"av_toggle_section\"  itemscope=\"itemscope\" itemtype=\"https:\/\/schema.org\/CreativeWork\"  >    <div class=\"single_toggle\" data-tags=\"{Todo} \"  >        <p data-fake-id=\"#toggle-id-1\" class=\"toggler  av-inherit-font-color  av-inherit-border-color \"  itemprop=\"headline\"  style='color: #00176d; border-color: #00176d; '>Historia<span class=\"toggle_icon\" style='border-color:#00176d;'>        <span class=\"vert_icon\"><\/span><span class=\"hor_icon\"><\/span><\/span><\/p>        <div id=\"toggle-id-1-container\" class=\"toggle_wrap \"  >            <div class=\"toggle_content invers-color  av-inherit-font-color  av-inherit-border-color \"  itemprop=\"text\"  style='color: #00176d; border-color: #00176d; ' ><p><span style=\"font-weight: 400;\">Desde su fundaci\u00f3n, en el a\u00f1o 2022, el Ballet Folkl\u00f3rico Universitario tiene como objetivo principal la conservaci\u00f3n y difusi\u00f3n de las danzas tradicionales y populares que enriquecen la cultura argentina.<\/span><\/p>\n<p><span style=\"font-weight: 400;\">Se trabaja representando las danzas populares de todas las regiones del pa\u00eds, acunando y conservando su esencia y tradici\u00f3n, pero tambi\u00e9n creando y experimentando con las nuevas tendencias y fusiones tanto de m\u00fasica popular como de t\u00e9cnicas de danza.<\/span><\/p>\n<p><span style=\"font-weight: 400;\">Estas bailarinas\/es, encuentran aqu\u00ed un espacio de formaci\u00f3n y experimentaci\u00f3n particular con un entrenamiento que los prepara para abordar el mundo del escenario.\u00a0<\/span><\/p>\n<p><span style=\"font-weight: 400;\">Junto a la comunidad, el grupo participa en diversas manifestaciones del arte nativo que se realizan en distintos recintos (plazas p\u00fablicas, centros educativos, ferias regionales, instituciones del medio), como as\u00ed tambi\u00e9n en encuentros y cert\u00e1menes de car\u00e1cter regional, provincial y nacional.<\/span><\/p>\n<p><span style=\"font-weight: 400;\">El elenco est\u00e1 integrado por estudiantes regulares de nuestra universidad y vecinos de la comunidad y regi\u00f3n, destacando que desde sus inicios cada clase o ensayo se convierte en un encuentro de culturas y de un lenguaje que recorre desde lo ancestral hasta lo contempor\u00e1neo.<\/span><\/p>\n            <\/div>        <\/div>    <\/div><\/section>\n<section class=\"av_toggle_section\"  itemscope=\"itemscope\" itemtype=\"https:\/\/schema.org\/CreativeWork\"  >    <div class=\"single_toggle\" data-tags=\"{Todo} \"  >        <p data-fake-id=\"#toggle-id-2\" class=\"toggler  av-inherit-font-color  av-inherit-border-color \"  itemprop=\"headline\"  style='color: #00176d; border-color: #00176d; '>Directora<span class=\"toggle_icon\" style='border-color:#00176d;'>        <span class=\"vert_icon\"><\/span><span class=\"hor_icon\"><\/span><\/span><\/p>        <div id=\"toggle-id-2-container\" class=\"toggle_wrap \"  >            <div class=\"toggle_content invers-color  av-inherit-font-color  av-inherit-border-color \"  itemprop=\"text\"  style='color: #00176d; border-color: #00176d; ' ><p><span style=\"font-weight: 400;\">La direcci\u00f3n del elenco nativista se encuentra a cargo de la profesora <strong>Carina Bonoris.<\/strong><\/span><\/p>\n<p><span style=\"font-weight: 400;\">Bailarina y core\u00f3grafa de danzas nativas.\u00a0<\/span><span style=\"font-weight: 400;\">Fundadora del Ateneo Folkl\u00f3rico Villa Mar\u00eda y de la pe\u00f1a universitaria \u201cLa Minga\u201d.\u00a0<\/span><span style=\"font-weight: 400;\">Formadora de numerosos bailarines de la ciudad de Villa Mar\u00eda y de la provincia de C\u00f3rdoba.<\/span><\/p>\n<p><span style=\"font-weight: 400;\">Naci\u00f3 y creci\u00f3 en una familia de bailarines, se form\u00f3 en la Escuela de Arte Folkl\u00f3rico de C\u00f3rdoba, bajo la direcci\u00f3n del reconocido Maestro Eduardo Scarponi.<\/span><\/p>\n<p><span style=\"font-weight: 400;\">Estudio Magisterio y Profesorado en Historia en el ISBR, se capacit\u00f3 en el lenguaje de la danza folkl\u00f3rica nacional con diversos docentes incluyendo a sus propios padres los reconocidos Bailarines Zulma Altamirano y Hugo Bonoris.<\/span><\/p>\n<p><span style=\"font-weight: 400;\">Integro las delegaciones oficiales de la provincia que part\u00edan a diversos escenarios del pa\u00eds y Latinoam\u00e9rica.\u00a0<\/span><span style=\"font-weight: 400;\">Logr\u00f3 destacados premios y reconocimientos a su labor junto a sus dirigidos, en cert\u00e1menes provinciales y nacionales.<\/span><\/p>\n<p><span style=\"font-weight: 400;\">Su tarea nativista, la lleva a desempe\u00f1arse como difusora costumbrista con un marcado camino en la investigaci\u00f3n y divulgaci\u00f3n del sentir criollo.\u00a0<\/span><span style=\"font-weight: 400;\">Su tarea como tejedora de afectos en la danza, la lleva a recorrer y visitar a distintas instituciones, donde brinda capacitaciones para bailarines y charlas formativas para docentes.<\/span><\/p>\n<p><span style=\"font-weight: 400;\">Adem\u00e1s, recorre junto a su \u201cMuseo Gauchesco Itinerante\u201d distintos espacios educativos, con el solo prop\u00f3sito de preservar y difundir el \u201cFolklore en la Escuela\u201d.<\/span><\/p>\n            <\/div>        <\/div>    <\/div><\/section>\n<section class=\"av_toggle_section\"  itemscope=\"itemscope\" itemtype=\"https:\/\/schema.org\/CreativeWork\"  >    <div class=\"single_toggle\" data-tags=\"{Todo} \"  >        <p data-fake-id=\"#toggle-id-3\" class=\"toggler  av-inherit-font-color  av-inherit-border-color \"  itemprop=\"headline\"  style='color: #00176d; border-color: #00176d; '>Equipo de colaboradores<span class=\"toggle_icon\" style='border-color:#00176d;'>        <span class=\"vert_icon\"><\/span><span class=\"hor_icon\"><\/span><\/span><\/p>        <div id=\"toggle-id-3-container\" class=\"toggle_wrap \"  >            <div class=\"toggle_content invers-color  av-inherit-font-color  av-inherit-border-color \"  itemprop=\"text\"  style='color: #00176d; border-color: #00176d; ' ><p><span style=\"font-weight: 400;\">Equipo de colaboradores:<\/span><\/p>\n<ul>\n<li><strong>Prof. Valeria Garnero<\/strong><\/li>\n<li><strong>Prof. Leonardo Ajona<\/strong><\/li>\n<\/ul>\n            <\/div>        <\/div>    <\/div><\/section>\n<section class=\"av_toggle_section\"  itemscope=\"itemscope\" itemtype=\"https:\/\/schema.org\/CreativeWork\"  >    <div class=\"single_toggle\" data-tags=\"{Todo} \"  >        <p data-fake-id=\"#toggle-id-4\" class=\"toggler  av-inherit-font-color  av-inherit-border-color \"  itemprop=\"headline\"  style='color: #00176d; border-color: #00176d; '>Integrantes<span class=\"toggle_icon\" style='border-color:#00176d;'>        <span class=\"vert_icon\"><\/span><span class=\"hor_icon\"><\/span><\/span><\/p>        <div id=\"toggle-id-4-container\" class=\"toggle_wrap \"  >            <div class=\"toggle_content invers-color  av-inherit-font-color  av-inherit-border-color \"  itemprop=\"text\"  style='color: #00176d; border-color: #00176d; ' ><p><b>Integrantes:<\/b><\/p>\n<p><span style=\"font-weight: 400;\">Beatriz R\u00edos\/Cristina Giorgis\/Gabriel Antonucci\/Jorge Peirone\/Lucy Gabetta\/In\u00e9s L\u00f3pez\/ Sergio Ponce\/Graciela Corigliano\/Cristina Bustos\/ Alicia Pedernera\/ J\u00e9ssica Nadal\/Lautaro Villagran\/Silvia Gonzalez\/Thiago Cristaldo\/Bel\u00e9n Minciacca\/ Graciela Paez\/ Victoria Vassia\/Marcos Cabral\/ Cristina Ferreyra\/ Juan Carlos Bonetto\/Genaro Villagran\/ Teresa Espinosa\/Jorge Carballo\/ Victoria Sanchez\/ Delia Estevez\/ Alba Mana\/ Aurora Cordero\/Jorge Tidrich\/Hugo Troc\/ Lidia Sol\u00eds\/Eduardo Modugna\/Nancy Monje\/Nora Quintero\/Victor Peralta\/Ana Salusso\/Esther Bruno\/Nelly Perret\/ Franco Fern\u00e1ndez\/Franco P\u00e9rez\/ Andrea Destassio\/ entre otros.<\/span><\/p>\n            <\/div>        <\/div>    <\/div><\/section>\n<\/div><\/div><\/div><\/div><\/div><!-- close content main div --><\/div><\/div><div id='after_section_1' class='main_color av_default_container_wrap container_wrap sidebar_right'   ><div class='container' ><div class='template-page content  av-content-small alpha units'><div class='post-entry post-entry-type-page post-entry-18724'><div class='entry-content-wrapper clearfix'><div style='height:50px' class='hr hr-invisible  '><span class='hr-inner ' ><span class='hr-inner-style'><\/span><\/span><\/div><\/p>\n<div class=\"flex_column av_one_half  flex_column_div av-zero-column-padding first  \" style='border-radius:0px; '><div class='avia-image-container avia_animated_image avia_animate_when_almost_visible fade-in av-styling-    avia-align-center '  itemprop=\"ImageObject\" itemscope=\"itemscope\" itemtype=\"https:\/\/schema.org\/ImageObject\"  ><div class='avia-image-container-inner'><div class='avia-image-overlay-wrap'><img class='avia_image ' src='https:\/\/extension.unvm.edu.ar\/wp-content\/uploads\/2022\/02\/MG_8587-300x200.jpg' alt='' title='_MG_8587' height=\"200\"width=\"300\"  itemprop=\"thumbnailUrl\"  \/><\/div><\/div><\/div><\/div>\n<div class=\"flex_column av_one_half  flex_column_div av-zero-column-padding   \" style='border-radius:0px; '><p><div style='padding-bottom:10px; ' class='av-special-heading av-special-heading-h1  blockquote modern-quote   '><h1 class='av-special-heading-tag '  itemprop=\"headline\"  >Equipo de trabajo<\/h1><div class='special-heading-border'><div class='special-heading-inner-border' ><\/div><\/div><\/div><br \/>\n<section class=\"av_textblock_section \"  itemscope=\"itemscope\" itemtype=\"https:\/\/schema.org\/CreativeWork\" ><div class='avia_textblock  '   itemprop=\"text\" ><ul>\n<li>Directora: Carina Bonoris<\/li>\n<li>Colaboradora:\u00a0<span style=\"font-weight: 400;\">Prof. Valeria Garnero<\/span><\/li>\n<li><span style=\"font-weight: 400;\">Colaborador: Prof. Leonardo Ajona<\/span><\/li>\n<\/ul>\n<\/div><\/section><\/p><\/div>\n<div  class='hr hr-default  '><span class='hr-inner ' ><span class='hr-inner-style'><\/span><\/span><\/div>\n<\/div><\/div><\/div><!-- close content main div --><\/div><\/div><div id='av_section_2' class='avia-section main_color avia-section-no-padding avia-no-border-styling avia-bg-style-scroll   container_wrap sidebar_right' style = 'background-image: '  ><div class='av-section-color-overlay-wrap'><a href='#next-section' title='' class='scroll-down-link '  aria-hidden='true' data-av_icon='\ue877' data-av_iconfont='entypo-fontello'><\/a><div class='container' ><div class='template-page content  av-content-small alpha units'><div class='post-entry post-entry-type-page post-entry-18724'><div class='entry-content-wrapper clearfix'>\n<div class=\"flex_column av_two_fifth  flex_column_div av-zero-column-padding first  \" style='border-radius:0px; '><p><div style='padding-bottom:10px; ' class='av-special-heading av-special-heading-h1  blockquote modern-quote   '><h1 class='av-special-heading-tag '  itemprop=\"headline\"  >Nuestras producciones<\/h1><div class='special-heading-border'><div class='special-heading-inner-border' ><\/div><\/div><\/div><br \/>\n<div style='height:50px' class='hr hr-invisible  '><span class='hr-inner ' ><span class='hr-inner-style'><\/span><\/span><\/div><br \/>\n<article class=\"iconbox iconbox_left    \"  itemscope=\"itemscope\" itemtype=\"https:\/\/schema.org\/CreativeWork\" ><div class=\"iconbox_content\"><header class=\"entry-content-header\"><div class=\"iconbox_icon heading-color \" aria-hidden='true' data-av_icon='\ue921' data-av_iconfont='entypo-fontello'  ><\/div><h3 class='iconbox_content_title '  itemprop=\"headline\"   style='color:#000000; '><a href='https:\/\/www.youtube.com\/watch?v=qXJ4usQoWWQ' title='Muestra Esencia | Videodanza '  target=\"_blank\"  >Muestra Esencia | Videodanza <\/a><\/h3><\/header><div class='iconbox_content_container  '  itemprop=\"text\"  ><p>Muestra de producciones Audiovisuales de los elencos estables UNVM. Videodanza que contempla el trabajo realizado por el Ballet Folkl\u00f3rico Universitario durante el transcurso del a\u00f1o 2020. Directoras: prof. Carina Bonoris y Zulma Altamirano.<\/p>\n<hr \/>\n<h6><\/h6>\n<\/div><\/div><footer class=\"entry-footer\"><\/footer><\/article><\/p><\/div><div class=\"flex_column av_three_fifth  flex_column_div av-zero-column-padding   \" style='border-radius:0px; '><div class='avia-gallery  avia-gallery-1 avia_lazyload avia_animate_when_visible '  itemprop=\"ImageObject\" itemscope=\"itemscope\" itemtype=\"https:\/\/schema.org\/ImageObject\" ><div class='avia-gallery-thumb'> <a href='https:\/\/extension.unvm.edu.ar\/wp-content\/uploads\/2022\/02\/IMG_9229-1030x868.jpg' data-rel='gallery-1' data-prev-img='https:\/\/extension.unvm.edu.ar\/wp-content\/uploads\/2022\/02\/IMG_9229-495x400.jpg' class='first_thumb lightbox ' data-onclick='1' title=''  itemprop=\"thumbnailUrl\" ><img  src='https:\/\/extension.unvm.edu.ar\/wp-content\/uploads\/2022\/02\/IMG_9229-495x400.jpg' width='495' height='400'  title='IMG_9229' alt='' \/><\/a> <a href='https:\/\/extension.unvm.edu.ar\/wp-content\/uploads\/2022\/02\/IMG_9226-1030x687.jpg' data-rel='gallery-1' data-prev-img='https:\/\/extension.unvm.edu.ar\/wp-content\/uploads\/2022\/02\/IMG_9226-495x400.jpg' class='lightbox ' data-onclick='2' title=''  itemprop=\"thumbnailUrl\" ><img  src='https:\/\/extension.unvm.edu.ar\/wp-content\/uploads\/2022\/02\/IMG_9226-495x400.jpg' width='495' height='400'  title='IMG_9226' alt='' \/><\/a> <a href='https:\/\/extension.unvm.edu.ar\/wp-content\/uploads\/2022\/02\/IMG_9234-1030x687.jpg' data-rel='gallery-1' data-prev-img='https:\/\/extension.unvm.edu.ar\/wp-content\/uploads\/2022\/02\/IMG_9234-495x400.jpg' class='lightbox ' data-onclick='3' title=''  itemprop=\"thumbnailUrl\" ><img  src='https:\/\/extension.unvm.edu.ar\/wp-content\/uploads\/2022\/02\/IMG_9234-495x400.jpg' width='495' height='400'  title='IMG_9234' alt='' \/><\/a> <a href='https:\/\/extension.unvm.edu.ar\/wp-content\/uploads\/2022\/02\/MG_8691-1030x687.jpg' data-rel='gallery-1' data-prev-img='https:\/\/extension.unvm.edu.ar\/wp-content\/uploads\/2022\/02\/MG_8691-495x400.jpg' class='lightbox ' data-onclick='4' title=''  itemprop=\"thumbnailUrl\" ><img  src='https:\/\/extension.unvm.edu.ar\/wp-content\/uploads\/2022\/02\/MG_8691-495x400.jpg' width='495' height='400'  title='_MG_8691' alt='' \/><\/a> <a href='https:\/\/extension.unvm.edu.ar\/wp-content\/uploads\/2022\/02\/MG_8685-1030x687.jpg' data-rel='gallery-1' data-prev-img='https:\/\/extension.unvm.edu.ar\/wp-content\/uploads\/2022\/02\/MG_8685-495x400.jpg' class='lightbox ' data-onclick='5' title=''  itemprop=\"thumbnailUrl\" ><img  src='https:\/\/extension.unvm.edu.ar\/wp-content\/uploads\/2022\/02\/MG_8685-495x400.jpg' width='495' height='400'  title='_MG_8685' alt='' \/><\/a> <a href='https:\/\/extension.unvm.edu.ar\/wp-content\/uploads\/2022\/02\/MG_8653-1030x687.jpg' data-rel='gallery-1' data-prev-img='https:\/\/extension.unvm.edu.ar\/wp-content\/uploads\/2022\/02\/MG_8653-495x400.jpg' class='first_thumb lightbox ' data-onclick='6' title=''  itemprop=\"thumbnailUrl\" ><img  src='https:\/\/extension.unvm.edu.ar\/wp-content\/uploads\/2022\/02\/MG_8653-495x400.jpg' width='495' height='400'  title='_MG_8653' alt='' \/><\/a> <a href='https:\/\/extension.unvm.edu.ar\/wp-content\/uploads\/2022\/02\/MG_8650-1030x687.jpg' data-rel='gallery-1' data-prev-img='https:\/\/extension.unvm.edu.ar\/wp-content\/uploads\/2022\/02\/MG_8650-495x400.jpg' class='lightbox ' data-onclick='7' title=''  itemprop=\"thumbnailUrl\" ><img  src='https:\/\/extension.unvm.edu.ar\/wp-content\/uploads\/2022\/02\/MG_8650-495x400.jpg' width='495' height='400'  title='_MG_8650' alt='' \/><\/a> <a href='https:\/\/extension.unvm.edu.ar\/wp-content\/uploads\/2022\/02\/MG_8647-1030x687.jpg' data-rel='gallery-1' data-prev-img='https:\/\/extension.unvm.edu.ar\/wp-content\/uploads\/2022\/02\/MG_8647-495x400.jpg' class='lightbox ' data-onclick='8' title=''  itemprop=\"thumbnailUrl\" ><img  src='https:\/\/extension.unvm.edu.ar\/wp-content\/uploads\/2022\/02\/MG_8647-495x400.jpg' width='495' height='400'  title='_MG_8647' alt='' \/><\/a> <a href='https:\/\/extension.unvm.edu.ar\/wp-content\/uploads\/2022\/02\/MG_8628-1030x687.jpg' data-rel='gallery-1' data-prev-img='https:\/\/extension.unvm.edu.ar\/wp-content\/uploads\/2022\/02\/MG_8628-495x400.jpg' class='lightbox ' data-onclick='9' title=''  itemprop=\"thumbnailUrl\" ><img  src='https:\/\/extension.unvm.edu.ar\/wp-content\/uploads\/2022\/02\/MG_8628-495x400.jpg' width='495' height='400'  title='_MG_8628' alt='' \/><\/a> <a href='https:\/\/extension.unvm.edu.ar\/wp-content\/uploads\/2022\/02\/MG_8608-1030x687.jpg' data-rel='gallery-1' data-prev-img='https:\/\/extension.unvm.edu.ar\/wp-content\/uploads\/2022\/02\/MG_8608-495x400.jpg' class='lightbox ' data-onclick='10' title=''  itemprop=\"thumbnailUrl\" ><img  src='https:\/\/extension.unvm.edu.ar\/wp-content\/uploads\/2022\/02\/MG_8608-495x400.jpg' width='495' height='400'  title='_MG_8608' alt='' \/><\/a> <a href='https:\/\/extension.unvm.edu.ar\/wp-content\/uploads\/2022\/02\/MG_8607-1030x687.jpg' data-rel='gallery-1' data-prev-img='https:\/\/extension.unvm.edu.ar\/wp-content\/uploads\/2022\/02\/MG_8607-495x400.jpg' class='first_thumb lightbox ' data-onclick='11' title=''  itemprop=\"thumbnailUrl\" ><img  src='https:\/\/extension.unvm.edu.ar\/wp-content\/uploads\/2022\/02\/MG_8607-495x400.jpg' width='495' height='400'  title='_MG_8607' alt='' \/><\/a> <a href='https:\/\/extension.unvm.edu.ar\/wp-content\/uploads\/2022\/02\/MG_8601-1030x687.jpg' data-rel='gallery-1' data-prev-img='https:\/\/extension.unvm.edu.ar\/wp-content\/uploads\/2022\/02\/MG_8601-495x400.jpg' class='lightbox ' data-onclick='12' title=''  itemprop=\"thumbnailUrl\" ><img  src='https:\/\/extension.unvm.edu.ar\/wp-content\/uploads\/2022\/02\/MG_8601-495x400.jpg' width='495' height='400'  title='_MG_8601' alt='' \/><\/a> <a href='https:\/\/extension.unvm.edu.ar\/wp-content\/uploads\/2022\/02\/MG_8596-1030x687.jpg' data-rel='gallery-1' data-prev-img='https:\/\/extension.unvm.edu.ar\/wp-content\/uploads\/2022\/02\/MG_8596-495x400.jpg' class='lightbox ' data-onclick='13' title=''  itemprop=\"thumbnailUrl\" ><img  src='https:\/\/extension.unvm.edu.ar\/wp-content\/uploads\/2022\/02\/MG_8596-495x400.jpg' width='495' height='400'  title='_MG_8596' alt='' \/><\/a><\/div><\/div><\/div><div style='height:50px' class='hr hr-invisible  '><span class='hr-inner ' ><span class='hr-inner-style'><\/span><\/span><\/div>\n<\/div><\/div><\/div><!-- close content main div --><\/div><\/div><\/div><div id='after_section_2' class='main_color av_default_container_wrap container_wrap sidebar_right'   ><div class='container' ><div class='template-page content  av-content-small alpha units'><div class='post-entry post-entry-type-page post-entry-18724'><div class='entry-content-wrapper clearfix'>\n<\/div><\/div><\/div><!-- close content main div --><\/div><\/div><div id='av_section_3' class='avia-section main_color avia-section-default avia-no-shadow avia-full-stretch av-parallax-section av-section-color-overlay-active avia-bg-style-parallax   av-minimum-height av-minimum-height-25 container_wrap sidebar_right'  data-section-bg-repeat='stretch' ><div class='av-parallax' data-avia-parallax-ratio='0.3' ><div class='av-parallax-inner main_color  avia-full-stretch' style = 'background-repeat: no-repeat; background-image: url(http:\/\/humanas.unvm.edu.ar\/wp-content\/uploads\/2018\/08\/1-1.jpg);background-attachment: scroll; background-position: center center; ' ><\/div><\/div><div class='av-section-color-overlay-wrap'><div class='av-section-color-overlay' style='opacity: 0.5; background-color: #003f7a; '><\/div><div class='container' ><div class='template-page content  av-content-small alpha units'><div class='post-entry post-entry-type-page post-entry-18724'><div class='entry-content-wrapper clearfix'><\/div><\/div><\/div><!-- close content main div --><\/div><\/div><\/div><div id='after_section_3' class='main_color av_default_container_wrap container_wrap sidebar_right'   ><div class='container' ><div class='template-page content  av-content-small alpha units'><div class='post-entry post-entry-type-page post-entry-18724'><div class='entry-content-wrapper clearfix'>\n","protected":false},"excerpt":{"rendered":"","protected":false},"author":12,"featured_media":0,"parent":0,"menu_order":0,"comment_status":"closed","ping_status":"closed","template":"","meta":{"_exactmetrics_skip_tracking":false,"_exactmetrics_sitenote_active":false,"_exactmetrics_sitenote_note":"","_exactmetrics_sitenote_category":0,"footnotes":""},"class_list":["post-18724","page","type-page","status-publish","hentry"],"_links":{"self":[{"href":"https:\/\/extension.unvm.edu.ar\/index.php?rest_route=\/wp\/v2\/pages\/18724"}],"collection":[{"href":"https:\/\/extension.unvm.edu.ar\/index.php?rest_route=\/wp\/v2\/pages"}],"about":[{"href":"https:\/\/extension.unvm.edu.ar\/index.php?rest_route=\/wp\/v2\/types\/page"}],"author":[{"embeddable":true,"href":"https:\/\/extension.unvm.edu.ar\/index.php?rest_route=\/wp\/v2\/users\/12"}],"replies":[{"embeddable":true,"href":"https:\/\/extension.unvm.edu.ar\/index.php?rest_route=%2Fwp%2Fv2%2Fcomments&post=18724"}],"version-history":[{"count":14,"href":"https:\/\/extension.unvm.edu.ar\/index.php?rest_route=\/wp\/v2\/pages\/18724\/revisions"}],"predecessor-version":[{"id":24832,"href":"https:\/\/extension.unvm.edu.ar\/index.php?rest_route=\/wp\/v2\/pages\/18724\/revisions\/24832"}],"wp:attachment":[{"href":"https:\/\/extension.unvm.edu.ar\/index.php?rest_route=%2Fwp%2Fv2%2Fmedia&parent=18724"}],"curies":[{"name":"wp","href":"https:\/\/api.w.org\/{rel}","templated":true}]}}